{"id":1348,"date":"2026-03-10T23:27:19","date_gmt":"2026-03-11T03:27:19","guid":{"rendered":"https:\/\/cargoserie.com\/cargo\/?page_id=1348"},"modified":"2026-03-13T11:04:25","modified_gmt":"2026-03-13T15:04:25","slug":"tome-1-cargo-case-depart","status":"publish","type":"page","link":"https:\/\/cargoserie.com\/cargo\/tome-1-cargo-case-depart\/","title":{"rendered":"Tome 1: Cargo Case D\u00e9part"},"content":{"rendered":"\t\t<div data-elementor-type=\"wp-page\" data-elementor-id=\"1348\" class=\"elementor elementor-1348\">\n\t\t\t\t\t\t<section class=\"elementor-section elementor-top-section elementor-element elementor-element-829410b elementor-section-boxed elementor-section-height-default elementor-section-height-default\" data-id=\"829410b\" data-element_type=\"section\" data-e-type=\"section\" data-settings=\"{&quot;background_background&quot;:&quot;classic&quot;}\">\n\t\t\t\t\t\t<div class=\"elementor-container elementor-column-gap-default\">\n\t\t\t\t\t<div class=\"elementor-column elementor-col-100 elementor-top-column elementor-element elementor-element-b79eabf\" data-id=\"b79eabf\" data-element_type=\"column\" data-e-type=\"column\">\n\t\t\t<div class=\"elementor-widget-wrap elementor-element-populated\">\n\t\t\t\t\t\t<div class=\"elementor-element elementor-element-a0ce065 elementor-widget elementor-widget-heading\" data-id=\"a0ce065\" data-element_type=\"widget\" data-e-type=\"widget\" data-widget_type=\"heading.default\">\n\t\t\t\t<div class=\"elementor-widget-container\">\n\t\t\t\t\t<h1 class=\"elementor-heading-title elementor-size-default\">Cargo: Case D\u00e9part<\/h1>\t\t\t\t<\/div>\n\t\t\t\t<\/div>\n\t\t\t\t<div class=\"elementor-element elementor-element-98af81c elementor-widget elementor-widget-text-editor\" data-id=\"98af81c\" data-element_type=\"widget\" data-e-type=\"widget\" data-widget_type=\"text-editor.default\">\n\t\t\t\t<div class=\"elementor-widget-container\">\n\t\t\t\t\t\t\t\t\t<h2>Tome 1<\/h2>\t\t\t\t\t\t\t\t<\/div>\n\t\t\t\t<\/div>\n\t\t\t\t<div class=\"elementor-element elementor-element-67d6dba elementor-widget elementor-widget-text-editor\" data-id=\"67d6dba\" data-element_type=\"widget\" data-e-type=\"widget\" data-widget_type=\"text-editor.default\">\n\t\t\t\t<div class=\"elementor-widget-container\">\n\t\t\t\t\t\t\t\t\t<p>Format papier\u00a0<\/p><p>9,95$ + livraison 4,95$ = 14,90$<\/p>\t\t\t\t\t\t\t\t<\/div>\n\t\t\t\t<\/div>\n\t\t\t\t<div class=\"elementor-element elementor-element-7e54c0f elementor-widget elementor-widget-heading\" data-id=\"7e54c0f\" data-element_type=\"widget\" data-e-type=\"widget\" data-widget_type=\"heading.default\">\n\t\t\t\t<div class=\"elementor-widget-container\">\n\t\t\t\t\t<h2 class=\"elementor-heading-title elementor-size-default\"><div class=\"asp_product_buy_button\"><div class=\"asp-processing-cont\" style=\"display:none;\"><span class=\"asp-processing\">Processing <i>.<\/i><i>.<\/i><i>.<\/i><\/span><\/div><form id=\"asp_ng_form_069e4f0dadb12f\" class=\"asp-stripe-form\" action=\"\"  method=\"POST\"> <input type=\"hidden\" name=\"asp_product_id\" value=\"323\" \/><div class=\"asp-child-hidden-fields\" style=\"display: none !important;\"><\/div><\/form><div id=\"asp-all-buttons-container-069e4f0dadb12f\" class=\"asp_all_buttons_container\"><div class=\"asp_product_buy_btn_container\"><button id=\"asp_ng_button_069e4f0dadb12f\" type=\"submit\" class=\"asp_product_buy_btn blue\" ><span>Payer<\/span><\/button><\/div><noscript>Stripe Payments requires Javascript to be supported by the browser in order to operate.<\/noscript><\/div><div id=\"asp-btn-spinner-container-069e4f0dadb12f\" class=\"asp-btn-spinner-container\" style=\"display: none !important\"><div class=\"asp-btn-spinner\"><div><\/div><div><\/div><div><\/div><div><\/div><\/div><\/div><script>var asp_data_069e4f0dadb12f = {\"is_live\":true,\"product_id\":323,\"iframe_url\":\"https:\\\/\\\/cargoserie.com\\\/cargo\\\/asp-payment-box\\\/?product_id=323\",\"button_key\":\"92080b6c69ce0d5d0a01fdafa3ffc08d\",\"item_price\":994.9999999999998863131622783839702606201171875,\"quantity\":1,\"custom_quantity\":\"1\",\"description\":\"Cargo : Case D\\u00e9part\",\"descrGenerated\":false,\"shipping\":495,\"tax\":0,\"image\":\"https:\\\/\\\/cargoserie.com\\\/cargo\\\/wp-content\\\/uploads\\\/2020\\\/08\\\/asp_product_323_thumb_e852acb59d2231254aa1269573da3624.jpg\",\"currency\":\"CAD\",\"currency_variable\":\"\",\"locale\":\"fr\",\"name\":\"Cargo : Case D\\u00e9part\",\"url\":\"\",\"amount\":1490,\"billingAddress\":true,\"shippingAddress\":true,\"customer_email\":\"\",\"uniq_id\":\"069e4f0dadb12f\",\"variable\":false,\"zeroCents\":[\"JPY\",\"MGA\",\"VND\",\"KRW\"],\"addonHooks\":[],\"button_text\":\"Payer\",\"out_of_stock\":false,\"stock_control_enabled\":true,\"stock_items\":\"185\",\"currencyFormat\":{\"c\":2,\"d\":\".\",\"t\":\",\",\"s\":\"CA$\",\"pos\":\"left\"},\"displayStr\":{\"tax\":\"%s (tax)\",\"ship\":\"%s (shipping)\"},\"thankyou_page_url\":\"aHR0cHM6Ly9jYXJnb3NlcmllLmNvbS9jYXJnby9tZXJjaS8=\",\"show_custom_amount_input\":false};if(typeof jQuery!==\"undefined\") {jQuery(document).ready(function() {new stripeHandlerNG(asp_data_069e4f0dadb12f);});} else { if (typeof wpaspInitOnDocReady===\"undefined\") {var wpaspInitOnDocReady=[];} wpaspInitOnDocReady.push(asp_data_069e4f0dadb12f);}<\/script><\/div><\/h2>\t\t\t\t<\/div>\n\t\t\t\t<\/div>\n\t\t\t\t<div class=\"elementor-element elementor-element-0c601af elementor-widget elementor-widget-text-editor\" data-id=\"0c601af\" data-element_type=\"widget\" data-e-type=\"widget\" data-widget_type=\"text-editor.default\">\n\t\t\t\t<div class=\"elementor-widget-container\">\n\t\t\t\t\t\t\t\t\t<p>Format num\u00e9rique<\/p><p>4,95$<\/p>\t\t\t\t\t\t\t\t<\/div>\n\t\t\t\t<\/div>\n\t\t\t\t<div class=\"elementor-element elementor-element-4c5a73c elementor-widget elementor-widget-heading\" data-id=\"4c5a73c\" data-element_type=\"widget\" data-e-type=\"widget\" data-widget_type=\"heading.default\">\n\t\t\t\t<div class=\"elementor-widget-container\">\n\t\t\t\t\t<h2 class=\"elementor-heading-title elementor-size-default\">\n<a class=\"maxbutton-1 maxbutton maxbutton-acheter-epub-case-depart-on-amazon\" target=\"_blank\" title=\"Acheter la version num\u00e9rique sur Amazon\" rel=\"noopener\" href=\"https:\/\/www.amazon.ca\/-\/fr\/Am\u00e9lie-Lebeau-ebook\/dp\/B0B9YNCW36\/ref=sr_1_1?__mk_fr_CA=%C3%85M%C3%85%C5%BD%C3%95%C3%91&amp;crid=2G2MG8Z0EWLJW&amp;keywords=cargo%20case%20starting&amp;qid=1669836584&amp;qu=eyJxc2MiOiIyLjIyIiwicXNhIjoiMC4wMCIsInFzcCI6IjAuMDAifQ%3D%3D&amp;s=digital-text&amp;sprefix=cargo%20case%20d%C3%A9part%2Cdigital-text%2C309&amp;sr=1-1&amp;fbclid=IwAR19OgkSlPqke-tCeS5jgXPvD-4BMH7ub-xcU1Dj-5LnNKalXdiEfmqSs2E\"><span class='mb-text'>Payer<\/span><\/a><\/h2>\t\t\t\t<\/div>\n\t\t\t\t<\/div>\n\t\t\t\t<div class=\"elementor-element elementor-element-d174a30 elementor-widget elementor-widget-text-editor\" data-id=\"d174a30\" data-element_type=\"widget\" data-e-type=\"widget\" data-widget_type=\"text-editor.default\">\n\t\t\t\t<div class=\"elementor-widget-container\">\n\t\t\t\t\t\t\t\t\t<p><b>ISBN :<\/b> 978-2-9819122-0-6 (papier) \/ 978-2-9819122-1-3 (EpuB)<\/p>\n<p><b>Textes et illustrations par : <\/b> Am\u00e9lie Lebeau<\/p>\n<p><b>Nombre de pages :<\/b>&nbsp;200.<\/p>\n<p><b>Format :<\/b> 5 x 8 pouces.<\/p>\n<p><b>Reliure :<\/b> Allemande<\/p>\n<p><b>Ann\u00e9e de parution : <\/b>2020<\/p>\n<p><br><\/p>\t\t\t\t\t\t\t\t<\/div>\n\t\t\t\t<\/div>\n\t\t\t\t<div class=\"elementor-element elementor-element-018924b elementor-widget elementor-widget-video\" data-id=\"018924b\" data-element_type=\"widget\" data-e-type=\"widget\" data-settings=\"{&quot;youtube_url&quot;:&quot;https:\\\/\\\/www.youtube.com\\\/watch?v=BhYzYWq-wjA&quot;,&quot;mute&quot;:&quot;yes&quot;,&quot;lazy_load&quot;:&quot;yes&quot;,&quot;video_type&quot;:&quot;youtube&quot;,&quot;controls&quot;:&quot;yes&quot;}\" data-widget_type=\"video.default\">\n\t\t\t\t<div class=\"elementor-widget-container\">\n\t\t\t\t\t\t\t<div class=\"elementor-wrapper elementor-open-inline\">\n\t\t\t<div class=\"elementor-video\"><\/div>\t\t<\/div>\n\t\t\t\t\t\t<\/div>\n\t\t\t\t<\/div>\n\t\t\t\t\t<\/div>\n\t\t<\/div>\n\t\t\t\t\t<\/div>\n\t\t<\/section>\n\t\t\t\t<section class=\"elementor-section elementor-top-section elementor-element elementor-element-ec6f916 elementor-section-boxed elementor-section-height-default elementor-section-height-default\" data-id=\"ec6f916\" data-element_type=\"section\" data-e-type=\"section\">\n\t\t\t\t\t\t<div class=\"elementor-container elementor-column-gap-default\">\n\t\t\t\t\t<div class=\"elementor-column elementor-col-100 elementor-top-column elementor-element elementor-element-bc2b8a2\" data-id=\"bc2b8a2\" data-element_type=\"column\" data-e-type=\"column\">\n\t\t\t<div class=\"elementor-widget-wrap elementor-element-populated\">\n\t\t\t\t\t\t<section class=\"elementor-section elementor-inner-section elementor-element elementor-element-ccaa465 elementor-section-boxed elementor-section-height-default elementor-section-height-default\" data-id=\"ccaa465\" data-element_type=\"section\" data-e-type=\"section\">\n\t\t\t\t\t\t<div class=\"elementor-container elementor-column-gap-default\">\n\t\t\t\t\t<div class=\"elementor-column elementor-col-50 elementor-inner-column elementor-element elementor-element-3274dc9\" data-id=\"3274dc9\" data-element_type=\"column\" data-e-type=\"column\">\n\t\t\t<div class=\"elementor-widget-wrap elementor-element-populated\">\n\t\t\t\t\t\t<div class=\"elementor-element elementor-element-9036ba6 elementor-invisible elementor-widget elementor-widget-image\" data-id=\"9036ba6\" data-element_type=\"widget\" data-e-type=\"widget\" data-settings=\"{&quot;_animation&quot;:&quot;slideInLeft&quot;}\" data-widget_type=\"image.default\">\n\t\t\t\t<div class=\"elementor-widget-container\">\n\t\t\t\t\t\t\t\t\t\t\t\t\t\t\t<img fetchpriority=\"high\" decoding=\"async\" width=\"800\" height=\"1208\" src=\"https:\/\/cargoserie.com\/cargo\/wp-content\/uploads\/2024\/09\/Couverture-Reedition_tome1-1325x2000.png\" class=\"attachment-large size-large wp-image-976\" alt=\"Cargo S\u00e9rie Case D\u00e9part - Tome 1\" srcset=\"https:\/\/cargoserie.com\/cargo\/wp-content\/uploads\/2024\/09\/Couverture-Reedition_tome1-1325x2000.png 1325w, https:\/\/cargoserie.com\/cargo\/wp-content\/uploads\/2024\/09\/Couverture-Reedition_tome1-397x600.png 397w, https:\/\/cargoserie.com\/cargo\/wp-content\/uploads\/2024\/09\/Couverture-Reedition_tome1-768x1160.png 768w, https:\/\/cargoserie.com\/cargo\/wp-content\/uploads\/2024\/09\/Couverture-Reedition_tome1-1017x1536.png 1017w, https:\/\/cargoserie.com\/cargo\/wp-content\/uploads\/2024\/09\/Couverture-Reedition_tome1-1356x2048.png 1356w, https:\/\/cargoserie.com\/cargo\/wp-content\/uploads\/2024\/09\/Couverture-Reedition_tome1.png 1838w\" sizes=\"(max-width: 800px) 100vw, 800px\" \/>\t\t\t\t\t\t\t\t\t\t\t\t\t\t\t<\/div>\n\t\t\t\t<\/div>\n\t\t\t\t\t<\/div>\n\t\t<\/div>\n\t\t\t\t<div class=\"elementor-column elementor-col-50 elementor-inner-column elementor-element elementor-element-05a6c87\" data-id=\"05a6c87\" data-element_type=\"column\" data-e-type=\"column\">\n\t\t\t<div class=\"elementor-widget-wrap elementor-element-populated\">\n\t\t\t\t\t\t<div class=\"elementor-element elementor-element-0fd7ff3 elementor-widget elementor-widget-heading\" data-id=\"0fd7ff3\" data-element_type=\"widget\" data-e-type=\"widget\" data-widget_type=\"heading.default\">\n\t\t\t\t<div class=\"elementor-widget-container\">\n\t\t\t\t\t<h2 class=\"elementor-heading-title elementor-size-default\">Cargo : Case D\u00e9part<\/h2>\t\t\t\t<\/div>\n\t\t\t\t<\/div>\n\t\t\t\t<div class=\"elementor-element elementor-element-52ed583 elementor-invisible elementor-widget elementor-widget-text-editor\" data-id=\"52ed583\" data-element_type=\"widget\" data-e-type=\"widget\" data-settings=\"{&quot;_animation&quot;:&quot;slideInRight&quot;}\" data-widget_type=\"text-editor.default\">\n\t\t\t\t<div class=\"elementor-widget-container\">\n\t\t\t\t\t\t\t\t\t<p>Tout au long de notre existence, nous transportons des choses de toutes sortes avec nous. Et g\u00e9n\u00e9ralement, ce fardeau ne nous appartient pas. Mais \u00e0 force de le trimballer, nous finissons bien souvent par croire qu\u2019il fait partie de nous.&nbsp;<\/p>\n<p>Dans une Voie lact\u00e9e o\u00f9 l\u2019humanit\u00e9 est en pleine expansion, Elena Castel choisit ce m\u00e9tier. Travailleuse ind\u00e9pendante, elle transporte des marchandises pour les colonies abandonn\u00e9es dans des syst\u00e8mes solaires \u00e9loign\u00e9s, aux limites de l\u2019inconnu. Par son travail, des pirates qui veulent s\u2019en prendre \u00e0 son chargement, elle conna\u00eet. Mais aujourd&rsquo;hui, Castel semble faire face \u00e0 un rival \u00e0 sa hauteur. Cette rencontre inattendue la poussera \u00e0 faire des choix t\u00e9m\u00e9raires. Ses d\u00e9cisions la m\u00e8neront vers des aventures captivantes qui \u00e9branleront les fondations sur lesquelles repose sa r\u00e9alit\u00e9, auparavant immuable.&nbsp;<\/p>\n<p>Ce court r\u00e9cit vous introduira dans un univers de science-fiction o\u00f9 l\u2019humanit\u00e9 n\u2019a plus de limites. Sauf celles qu\u2019elle s\u2019imposera. Si elle le veut.<\/p>\t\t\t\t\t\t\t\t<\/div>\n\t\t\t\t<\/div>\n\t\t\t\t<div class=\"elementor-element elementor-element-bff3c69 elementor-align-center elementor-widget elementor-widget-button\" data-id=\"bff3c69\" data-element_type=\"widget\" data-e-type=\"widget\" data-widget_type=\"button.default\">\n\t\t\t\t<div class=\"elementor-widget-container\">\n\t\t\t\t\t\t\t\t\t<div class=\"elementor-button-wrapper\">\n\t\t\t\t\t<a class=\"elementor-button elementor-button-link elementor-size-sm\" href=\"https:\/\/cargoserie.com\/cargo\/tome-2-cargo-limite\/\">\n\t\t\t\t\t\t<span class=\"elementor-button-content-wrapper\">\n\t\t\t\t\t\t\t\t\t<span class=\"elementor-button-text\">D\u00e9couvrez la suite<\/span>\n\t\t\t\t\t<\/span>\n\t\t\t\t\t<\/a>\n\t\t\t\t<\/div>\n\t\t\t\t\t\t\t\t<\/div>\n\t\t\t\t<\/div>\n\t\t\t\t\t<\/div>\n\t\t<\/div>\n\t\t\t\t\t<\/div>\n\t\t<\/section>\n\t\t\t\t\t<\/div>\n\t\t<\/div>\n\t\t\t\t\t<\/div>\n\t\t<\/section>\n\t\t\t\t<section class=\"elementor-section elementor-top-section elementor-element elementor-element-7ea4527 elementor-section-boxed elementor-section-height-default elementor-section-height-default\" data-id=\"7ea4527\" data-element_type=\"section\" data-e-type=\"section\">\n\t\t\t\t\t\t<div class=\"elementor-container elementor-column-gap-default\">\n\t\t\t\t\t<div class=\"elementor-column elementor-col-100 elementor-top-column elementor-element elementor-element-67e43b5\" data-id=\"67e43b5\" data-element_type=\"column\" data-e-type=\"column\">\n\t\t\t<div class=\"elementor-widget-wrap elementor-element-populated\">\n\t\t\t\t\t\t<div class=\"elementor-element elementor-element-4214024 elementor-widget elementor-widget-heading\" data-id=\"4214024\" data-element_type=\"widget\" data-e-type=\"widget\" data-widget_type=\"heading.default\">\n\t\t\t\t<div class=\"elementor-widget-container\">\n\t\t\t\t\t<h2 class=\"elementor-heading-title elementor-size-default\">Extrait<\/h2>\t\t\t\t<\/div>\n\t\t\t\t<\/div>\n\t\t\t\t<div class=\"elementor-element elementor-element-adff130 elementor-widget elementor-widget-text-editor\" data-id=\"adff130\" data-element_type=\"widget\" data-e-type=\"widget\" data-widget_type=\"text-editor.default\">\n\t\t\t\t<div class=\"elementor-widget-container\">\n\t\t\t\t\t\t\t\t\t<p>\u00a0 \u00a0 \u00a0Je d\u00e9cidai de laisser mes yeux darder courageusement Brennan. Il ressemblait aussi aux trois derniers. B\u00e2ti comme un vaisseau mineur, compact et puissant. Il avait de grandes \u00e9paules et un cou aussi large que sa t\u00eate. Il portait un manteau et des v\u00eatements de coton, des mat\u00e9riaux typiquement utilis\u00e9s par la classe ouvri\u00e8re. Il devait sans doute lui aussi venir d\u2019une colonie plan\u00e9taire, peut-\u00eatre que ses parents \u00e9taient de la Coalition ou du Cercle?<\/p><p>\u00a0 \u00a0 \u00a0La pr\u00e9sence de ces gens me mettait mal \u00e0 l\u2019aise. C\u2019\u00e9tait aussi visible chez les autres clients qui rest\u00e8rent : ils se tortillaient sur leur chaise et jetaient des coups d\u2019\u0153il furtifs et m\u00e9fiants en direction des nouveaux arriv\u00e9s. M\u00eame le barman semblait un peu plus coinc\u00e9, ses gestes, beaucoup plus h\u00e9sitants, son rire, beaucoup plus forc\u00e9.<\/p><p>\u00a0 \u00a0 \u00a0Tout en patientant pour mon repas, je d\u00e9cidai d\u2019\u00e9couter la conversation que le hors-la-loi tenait avec le barman pendant que celui-ci pr\u00e9parait ses verres.<\/p><p>\u00a0 \u00a0 \u00a0\u2014 T\u2019as l\u2019air de quelqu\u2019un sympa, toi. Tu pourrais peut-\u00eatre me rendre un p\u2019tit service?<\/p><p>\u00a0 \u00a0 \u00a0Le barman for\u00e7a un sourire poli.<\/p><p>\u00a0 \u00a0 \u00a0\u2014 Vous, les barmans, vous savez toujours plein de choses, n\u2019est-ce pas?<\/p><p>\u00a0 \u00a0 \u00a0\u2014 Oui\u2026<\/p><p>\u00a0 \u00a0 \u00a0\u2014 Alors j\u2019ai une question pour toi, mon ami.<\/p><p>\u00a0 \u00a0 \u00a0\u2014 Hmmm, marmona-t-il, peu charm\u00e9 par l\u2019attitude \u00ab amicale \u00bb de son interlocuteur.<\/p><p>\u00a0 \u00a0 \u00a0\u2014 Qui est la derni\u00e8re personne \u00e0 avoir utilis\u00e9 le terminal ici?<\/p><p><em>\u00a0 \u00a0 \u00a0Bordel, c\u2019\u00e9tait moi, \u00e7a.<\/em> J\u2019avalai de travers, le liquide \u00e9touffant aussit\u00f4t ma respiration. Je recrachai ma gorg\u00e9e en toussant. Les deux hommes se tourn\u00e8rent momentan\u00e9ment vers moi. Ce n\u2019\u00e9tait pas le temps de m\u2019incriminer. Le barman pin\u00e7a ses l\u00e8vres, son regard revenant sur le hors-la-loi. Il rassembla son courage et dit\u00a0:<\/p><p>\u00a0 \u00a0 \u00a0\u2014 Pourquoi?<\/p><p>\u00a0 \u00a0 \u00a0\u2014 Oh, non, mon ami, ce n\u2019est pas comme \u00e7a que \u00e7a fonctionne. Je pose les questions. Tu r\u00e9ponds. Pig\u00e9?<\/p><p>\u00a0 \u00a0 \u00a0Le barman d\u00e9glutit nerveusement. Brennan soupira d\u2019impatience en grattant sa barbe poivre et sel. Il ouvrit son manteau et glissa quelque chose sur le comptoir. Un jeton de cr\u00e9dit. Sans doute de la monnaie obtenue frauduleusement. <em>Ne me balance pas, toi! <\/em>Toutefois, le regard du barman tra\u00eena sous le manteau et non vers le petit jeton. Malheureusement, je ne pouvais pas voir ce qui attirait son attention d\u2019o\u00f9 j\u2019\u00e9tais.<\/p><p>\u00a0 \u00a0 \u00a0Une cloche sonna, mon repas \u00e9tait pr\u00eat. Le barman profita de cette occasion pour couper court \u00e0 la conversation. L\u2019air coupable, il m\u2019observa bri\u00e8vement, avant de se rendre \u00e0 la cuisine. Les sourcils relev\u00e9s, je le suppliai des yeux de ne rien dire. Embarrass\u00e9, il d\u00e9tourna le regard. Quelques instants plus tard, il d\u00e9posa l\u2019assiette et Brennan l\u2019interpella de nouveau, toutefois, le hors-la-loi avait troqu\u00e9 son ton amical pour quelque chose de plus intimidant.<\/p><p>\u00a0 \u00a0 \u00a0\u2014 Hey. Tu devrais le prendre. Et parler. Crois-moi, c\u2019est dans ton int\u00e9r\u00eat. <em>Je n\u2019aime pas me r\u00e9p\u00e9ter<\/em>, dit-il en mettant le doigt sur le jeton et en le poussant dans la direction du barman.<\/p><p>\u00a0 \u00a0 \u00a0Le battement de mon c\u0153ur s\u2019interrompit. \u00c7a ou le temps venait de s\u2019arr\u00eater. Mes yeux ne pouvaient quitter les l\u00e8vres du barman. Ce dernier soupira.<\/p><p>\u00a0 \u00a0 \u00a0\u2014 C\u2019est elle, dit-il en me pointant du menton.<\/p><p>\u00a0 \u00a0 \u00a0J\u2019aurais voulu fondre dans le plancher, dispara\u00eetre de l\u00e0. Le regard glacial de Brennan fut suffisant pour m\u2019emp\u00eacher de me liqu\u00e9fier sur place. Ses yeux d\u00e9ferl\u00e8rent comme une avalanche pr\u00eate \u00e0 s\u2019abattre sur moi. Il m\u2019offrit un large sourire. Le genre de sourire dentel\u00e9 et mena\u00e7ant que le pr\u00e9dateur offre \u00e0 sa proie juste avant de lui sauter \u00e0 la gorge.<\/p><p>\u00a0 \u00a0 \u00a0\u2014 Salut.<\/p><p>\u00a0 \u00a0 Je baissai les yeux rapidement. Il ne fallait pas qu\u2019il y lise la terreur qui m\u2019habitait. Je me for\u00e7ai \u00e0 fixer les pois chiches qui couronnaient mon assiette en tentant de donner l\u2019impression d\u2019\u00eatre calme.<\/p><p>\u00a0 \u00a0 \u00a0Le barman \u00e9tait parti vers la cuisine sans rien dire. Le pirate amor\u00e7a une conversation \u00e0 laquelle je n\u2019avais pas la moindre envie de prendre part :<\/p><p>\u00a0 \u00a0 \u00a0\u2014 \u00c7a a l\u2019air bon, \u00e7a.<\/p><p>\u00a0 \u00a0 \u00a0Mes yeux toujours riv\u00e9s sur mon repas, je gardai le silence. Lui, non.<\/p><p>\u00a0 \u00a0 \u00a0\u2014 Profitez-en bien, on ne sait jamais quand ce sera notre dernier repas, dit-il avec froideur cette fois.<\/p><p>\u00a0 \u00a0 \u00a0\u00c7a ne servait \u00e0 rien de rester au comptoir, le barman ne m\u2019\u00e9tait d\u2019aucune aide. Je me levai et mon regard survola le pr\u00e9dateur. Il me sourit et en levant son verre, il dit :<\/p><p>\u00a0 \u00a0 \u00a0\u2014 Sant\u00e9.<\/p><p><em>\u00a0 \u00a0 \u00a0Va te faire voir.<\/em><\/p><p>\u00a0 \u00a0 \u00a0Ce n\u2019est pas comme si j\u2019aurais eu le cran de le lui dire en plein visage de toute fa\u00e7on. Cet enfoir\u00e9 venait de me menacer et je n\u2019avais aucune id\u00e9e pourquoi. Je quittai le comptoir pour aller m\u2019asseoir \u00e0 une table le plus loin possible de lui. Je tentai de m\u2019y rendre avec une d\u00e9marche confiante, mais mes jambes tremblotantes mena\u00e7aient de se d\u00e9rober sous mon poids \u00e0 chaque pas.<\/p><p>\u00a0 \u00a0 \u00a0Ce genre d\u2019individu s\u2019attaquait habituellement \u00e0 ceux qui les craignaient et je ne voulais pas \u00eatre sa prochaine proie. Quoiqu\u2019avec ces menaces, je l\u2019\u00e9tais sans doute d\u00e9j\u00e0.<\/p>\t\t\t\t\t\t\t\t<\/div>\n\t\t\t\t<\/div>\n\t\t\t\t<div class=\"elementor-element elementor-element-2e5b14a elementor-widget elementor-widget-heading\" data-id=\"2e5b14a\" data-element_type=\"widget\" data-e-type=\"widget\" data-widget_type=\"heading.default\">\n\t\t\t\t<div class=\"elementor-widget-container\">\n\t\t\t\t\t<h2 class=\"elementor-heading-title elementor-size-default\">Vaisseau en vedette<\/h2>\t\t\t\t<\/div>\n\t\t\t\t<\/div>\n\t\t\t\t\t<\/div>\n\t\t<\/div>\n\t\t\t\t\t<\/div>\n\t\t<\/section>\n\t\t\t\t<section class=\"elementor-section elementor-top-section elementor-element elementor-element-e3d0d9d elementor-section-boxed elementor-section-height-default elementor-section-height-default\" data-id=\"e3d0d9d\" data-element_type=\"section\" data-e-type=\"section\">\n\t\t\t\t\t\t<div class=\"elementor-container elementor-column-gap-default\">\n\t\t\t\t\t<div class=\"elementor-column elementor-col-100 elementor-top-column elementor-element elementor-element-59ae6b5\" data-id=\"59ae6b5\" data-element_type=\"column\" data-e-type=\"column\">\n\t\t\t<div class=\"elementor-widget-wrap elementor-element-populated\">\n\t\t\t\t\t\t<div class=\"elementor-element elementor-element-bb16a99 elementor-widget elementor-widget-image\" data-id=\"bb16a99\" data-element_type=\"widget\" data-e-type=\"widget\" data-widget_type=\"image.default\">\n\t\t\t\t<div class=\"elementor-widget-container\">\n\t\t\t\t\t\t\t\t\t\t\t\t\t\t\t<img decoding=\"async\" width=\"800\" height=\"520\" src=\"https:\/\/cargoserie.com\/cargo\/wp-content\/uploads\/2026\/03\/Poster_Scara-B6_11X17-2000x1301.png\" class=\"attachment-large size-large wp-image-1362\" alt=\"\" srcset=\"https:\/\/cargoserie.com\/cargo\/wp-content\/uploads\/2026\/03\/Poster_Scara-B6_11X17-2000x1301.png 2000w, https:\/\/cargoserie.com\/cargo\/wp-content\/uploads\/2026\/03\/Poster_Scara-B6_11X17-600x390.png 600w, https:\/\/cargoserie.com\/cargo\/wp-content\/uploads\/2026\/03\/Poster_Scara-B6_11X17-768x499.png 768w, https:\/\/cargoserie.com\/cargo\/wp-content\/uploads\/2026\/03\/Poster_Scara-B6_11X17-1536x999.png 1536w, https:\/\/cargoserie.com\/cargo\/wp-content\/uploads\/2026\/03\/Poster_Scara-B6_11X17-2048x1332.png 2048w\" sizes=\"(max-width: 800px) 100vw, 800px\" \/>\t\t\t\t\t\t\t\t\t\t\t\t\t\t\t<\/div>\n\t\t\t\t<\/div>\n\t\t\t\t\t<\/div>\n\t\t<\/div>\n\t\t\t\t\t<\/div>\n\t\t<\/section>\n\t\t\t\t<section class=\"elementor-section elementor-top-section elementor-element elementor-element-e63092f elementor-section-boxed elementor-section-height-default elementor-section-height-default\" data-id=\"e63092f\" data-element_type=\"section\" data-e-type=\"section\">\n\t\t\t\t\t\t<div class=\"elementor-container elementor-column-gap-default\">\n\t\t\t\t\t<div class=\"elementor-column elementor-col-100 elementor-top-column elementor-element elementor-element-7d571b9\" data-id=\"7d571b9\" data-element_type=\"column\" data-e-type=\"column\">\n\t\t\t<div class=\"elementor-widget-wrap elementor-element-populated\">\n\t\t\t\t\t\t<div class=\"elementor-element elementor-element-ff5f3a0 elementor-align-center elementor-widget elementor-widget-button\" data-id=\"ff5f3a0\" data-element_type=\"widget\" data-e-type=\"widget\" data-widget_type=\"button.default\">\n\t\t\t\t<div class=\"elementor-widget-container\">\n\t\t\t\t\t\t\t\t\t<div class=\"elementor-button-wrapper\">\n\t\t\t\t\t<a class=\"elementor-button elementor-button-link elementor-size-sm\" href=\"https:\/\/cargoserie.com\/cargo\/livres\/\">\n\t\t\t\t\t\t<span class=\"elementor-button-content-wrapper\">\n\t\t\t\t\t\t\t\t\t<span class=\"elementor-button-text\">Explorez les autres livres<\/span>\n\t\t\t\t\t<\/span>\n\t\t\t\t\t<\/a>\n\t\t\t\t<\/div>\n\t\t\t\t\t\t\t\t<\/div>\n\t\t\t\t<\/div>\n\t\t\t\t\t<\/div>\n\t\t<\/div>\n\t\t\t\t\t<\/div>\n\t\t<\/section>\n\t\t\t\t<\/div>\n\t\t","protected":false},"excerpt":{"rendered":"<p>Cargo: Case D\u00e9part Tome 1 Format papier\u00a0 9,95$ + livraison 4,95$ = 14,90$ Format num\u00e9rique 4,95$ ISBN : 978-2-9819122-0-6 (papier) \/ 978-2-9819122-1-3 (EpuB) Textes et illustrations par : Am\u00e9lie Lebeau <a class=\"more-link\" href=\"https:\/\/cargoserie.com\/cargo\/tome-1-cargo-case-depart\/\">Plus \u2192<\/a><\/p>\n","protected":false},"author":3,"featured_media":0,"parent":0,"menu_order":0,"comment_status":"closed","ping_status":"closed","template":"elementor_canvas","meta":{"footnotes":""},"class_list":["post-1348","page","type-page","status-publish","hentry"],"_links":{"self":[{"href":"https:\/\/cargoserie.com\/cargo\/wp-json\/wp\/v2\/pages\/1348","targetHints":{"allow":["GET"]}}],"collection":[{"href":"https:\/\/cargoserie.com\/cargo\/wp-json\/wp\/v2\/pages"}],"about":[{"href":"https:\/\/cargoserie.com\/cargo\/wp-json\/wp\/v2\/types\/page"}],"author":[{"embeddable":true,"href":"https:\/\/cargoserie.com\/cargo\/wp-json\/wp\/v2\/users\/3"}],"replies":[{"embeddable":true,"href":"https:\/\/cargoserie.com\/cargo\/wp-json\/wp\/v2\/comments?post=1348"}],"version-history":[{"count":46,"href":"https:\/\/cargoserie.com\/cargo\/wp-json\/wp\/v2\/pages\/1348\/revisions"}],"predecessor-version":[{"id":1728,"href":"https:\/\/cargoserie.com\/cargo\/wp-json\/wp\/v2\/pages\/1348\/revisions\/1728"}],"wp:attachment":[{"href":"https:\/\/cargoserie.com\/cargo\/wp-json\/wp\/v2\/media?parent=1348"}],"curies":[{"name":"wp","href":"https:\/\/api.w.org\/{rel}","templated":true}]}}